Suppose -4*a - 196 = -0*q - 4*q, 41 = q - 5*a. Suppose -11 = 2*n - q. Calculate the remainder when s(9) is divided by n.
19
Suppose -5*u = -36 - 39. Let x(f) = 10*f + 6. Let v = -4 - -6. What is the remainder when x(v) is divided by u?
11
Suppose 6 = -0*u + u. Suppose -97 = 5*s + j, 2*s - 3*s - 11 = -4*j. Let x = -10 - s. What is the remainder when x is divided by u?
3
Let q(h) = h**2 + 4*h. Let u be q(-4). Let c = u + 2. Calculate the remainder when 3 is divided by c.
1
Suppose -91 = -9*w + 224. Calculate the remainder when w is divided by -2 - (-70)/6 - (-2)/6.
5
Let a(s) = -53 + 58 - 8*s - 10*s. What is the remainder when a(-3) is divided by 12?
11
Let h(z) be the first derivative of 11*z**2/2 + 5*z - 21. Calculate the remainder when h(4) is divided by (-1 + 0)*26/(-2).
10
Suppose 38 = d + 4*q, -4*d + q + 12 = -123. What is the remainder when 405 is divided by d?
31
Let w(p) = 5 - p - p + 2 + 2. Let q be w(3). Suppose -a - 5*f = -29, -f = q*a + 6 - 23. Calculate the remainder when 11 is divided by a.
3
Let c be ((-8)/10)/(20/(-50)). Suppose c*m - 10 = 0, -z - 9340 = 3*z + 4*m. What is the remainder when z/54*24/(-10) is divided by 21?
20
Suppose 0 = 4*s + p - 4, -4*s = -3*s + 4*p + 14. Let n be s + (-6)/(-2) + -3. What is the remainder when (3 - -2*49) + n is divided by 35?
33
Let z(t) = -22*t + 187. Let q = 3 - -2. Suppose -f = -y + 133, y + q*f = 113 + 8. What is the remainder when y is divided by z(7)?
32
Let v = -5 + 6. Let a(b) = 6*b**2 - 4*b + 1. Calculate the remainder when a(-3) is divided by v/(0 + 3/42).
11
Let z(c) = -c**3 + c**2 + 2. Let d be z(2). Calculate the remainder when d/4*(-107 - 9) is divided by 20.
18
Let k(m) = m**3 + 7*m**2 + 4*m + 3. Let o be k(-4). Suppose -3*v + 40 = 3*b - b, v = -5*b + o. What is the remainder when v is divided by 4?
2
Let q(u) = u**2 + 5*u - 2. What is the remainder when 658 is divided by q(-8)?
20
Suppose 5*z - 92 = -r, -170 = -5*r + 2*z + 344. What is the remainder when r is divided by 3?
0
Suppose -6*i + 10*i + 1549 = 5*w, -309 = -w + i. What is the remainder when w is divided by 70?
33
Let x be (-1 - 2)*(7 + -3). Let g be x/6*10/(-4). Suppose -t + w = 4*t - 66, -5*t - g*w = -60. Calculate the remainder when 49 is divided by t.
10
Let n = 215 + -372. Let o = -75 - n. Calculate the remainder when 5 + o + (1 - 0) is divided by 30.
28
Suppose 0 = -o + 1, -3*o = -a - o + 60. Calculate the remainder when 245 is divided by a.
59
Suppose -42 = 4*x - 5*x. What is the remainder when x is divided by 9?
6
Suppose -2*j + 5*i = -91, -2*j + 5*j - 3*i - 123 = 0. Let p(l) = 12*l - 50. Calculate the remainder when j is divided by p(6).
16
Let q = -312 + 401. What is the remainder when q is divided by 40?
9
Let r(u) be the third derivative of -u**5/60 - 7*u**4/8 + 49*u**3/6 - 8*u**2. What is the remainder when 26 is divided by r(-23)?
2
Let v be (-4)/14 - 494/133. Let t(m) = m**2 + 4*m + 3. Let o be t(v). Suppose -g + 24 = -2*c, -2*c = -o*c - 4. Calculate the remainder when 47 is divided by g.
15
Let a(x) = x**2 - 5 - 8 - 5*x + 3*x**2 - x**2. Let p = 26 - 15. Calculate the remainder when a(-3) is divided by p.
7
Suppose 0 = c, -6*v - 3*c + 56 = -2*v. Let u(r) = -2*r**2 + 2*r - 1. Let h be u(2). Calculate the remainder when 9 is divided by h/(-10) + v/4.
1
Let a(t) = -t**3 + 3*t**2 - 3*t - 4. Let c be a(5). Let q = 97 + c. Calculate the remainder when 39 is divided by 1 - (q/(-4) + 0).
7
Suppose 89*q = 69*q + 140. Let v(h) = -32*h**3 + h**2. Calculate the remainder when v(-1) is divided by q.
5
Let w(k) = -k**3 - 4*k**2 - k + 3. Let z be w(-3). Calculate the remainder when 58 is divided by (-15 - (z + 3))*1*-1.
13
Suppose -60 = -2*q + 5*d, 6*d = 2*d + 16. Suppose s = -5*l + 90 - 17, -58 = -4*l - s. What is the remainder when q is divided by l?
10
Let u = -3404 + 3416. Let d = 21 - 14. What is the remainder when u is divided by d?
5
Suppose 62 = 4*g - 2*o, g - 4*o - o = 11. Let k(l) = -l**2 + 4*l + 5. Let x be k(4). Suppose x + g = 3*t. What is the remainder when 25 is divided by t?
4
Let a = 41 - 57. What is the remainder when 61 is divided by 4 + (-4)/(a/36)?
9
What is the remainder when 1004 is divided by 826/56 + 1*(-1)/(-4)?
14
Let g be 2 + (1/1 - -2). Let o(r) = 3*r**2 + 2*r + 1. Let l be o(g). Let w = 132 - l. What is the remainder when w is divided by 16?
14
Suppose 0 = -11*b + 13*b - q - 326, -5*b - 2*q + 824 = 0. What is the remainder when b is divided by 24?
20
What is the remainder when 8/24 - (-5 - (-956)/(-12)) is divided by 19?
9
Suppose -6*k = -3*k - 6. Suppose k*z + 2 = 8. Suppose 145 = 2*b + z*b. What is the remainder when 85 is divided by b?
27
Let f = 32 + -22. Calculate the remainder when 3/(-21) - 1016/(-56) is divided by f.
8
Suppose 5*s = 97 + 8. Let c = -10169 - -10252. What is the remainder when c is divided by s?
20
Let r = 2 - -6. Let m(x) = -10*x - 44. Let f be m(8). Let o = -110 - f. What is the remainder when o is divided by r?
6
Let s(b) = 2*b**3 - b**2 - 2*b. Let l(h) = h**2 + 9*h + 12. Let j be l(-9). Let y = j + -10. What is the remainder when 13 is divided by s(y)?
5
Let i(q) = 44*q - 8. Let p be i(4). Suppose 4*z + 376 = -p. Let t = -61 - z. What is the remainder when t is divided by 38?
37
Calculate the remainder when 1588/7 - 536/(-469) is divided by 32.
4
Suppose 0*x - x + 12 = l, -4*x = -5*l + 33. What is the remainder when 15 is divided by l?
6
Suppose 0 = -16*f + 13*f + 12. Let s(o) = 0*o - 2*o + 2*o - 3 + 13*o. Calculate the remainder when s(f) is divided by 26.
23
Let l = 43 + -39. Suppose 0 = 4*j + x - 501, 8*j - 4*x - 476 = l*j. What is the remainder when j is divided by 21?
19
Let i(r) = r**3 + 3*r**2 + 4*r - 5. Let q be -5*((1 - 0) + 0). Let w = 3 - q. Calculate the remainder when w is divided by i(1).
2
Suppose 5*n + 108 - 16 = 4*v, 5*n - 69 = -3*v. Calculate the remainder when (-5)/((-5)/36) - -1 is divided by v.
14
Suppose 0 = -4*t + 4 + 88. Suppose 3*k - t - 1 = 0. Suppose -4 = -f + k. Calculate the remainder when 22 is divided by f.
10
Suppose -20*j + 109 + 391 = 0. Calculate the remainder when 261 is divided by j.
11
What is the remainder when ((-7850)/200)/((-2)/24) is divided by 43?
41
Let r(x) = x**2 - 26*x + 43. Calculate the remainder when 383 is divided by r(26).
39
Let t = -96 - -101. Suppose -5*n + t*k + 210 = 0, -n - 24 = -2*n - 5*k. Suppose -5*a = -82 - 23. What is the remainder when n is divided by a?
18
Let k(z) = -2*z**2 - 12*z + 35. Let f(q) = 0 + 0*q - 5*q + q**2 + 4. Calculate the remainder when k(-3) is divided by f(8).
25
Let b = 8 - -8. Suppose -3*n = n - b. What is the remainder when 16/56 + 1 + (-66)/(-14) is divided by n?
2
Let w(a) = a**2 + 3*a + 4. Let l be w(-3). Suppose -225 = -l*c - 5*c. Calculate the remainder when 96 is divided by c.
21
Let k(n) = 3*n**2 + 10*n - 12. Let f be k(-10). Suppose 6*d = 2*d + f. What is the remainder when d is divided by (-36)/8*(-8)/3?
11
Let y = -12430 + 12456. Suppose i - 5*t - 8 = 0, 3*i - 4*t - 14 = 21. Suppose 43 = 4*m - i. Calculate the remainder when y is divided by m.
12
Suppose -5*h + n + 9 = 0, 3*h + 13 = 8*h + 3*n. Suppose 0 = 3*q + 3, h*g - 7*g = -3*q - 98. What is the remainder when g is divided by -1 + -2*11/(-2)?
9
Suppose 114 = 2*z + c, -5*c = -c. What is the remainder when z is divided by (-56)/(-6) + (-17)/((-969)/38)?
7
Suppose -4*u = p - 52, 20*u - 21*u = -p + 37. Calculate the remainder when 40 is divided by p.
0
Let v = 1231 + -1215. Calculate the remainder when 53 is divided by v.
5
Suppose o - 810 = -5*o. Suppose -4*k + 8 = z - 22, -64 = -2*z - 4*k. Calculate the remainder when o is divided by z.
33
Suppose 24*w - 6974 = 13*w. Calculate the remainder when w is divided by 13.
10
Let n = 30 + -33. Let z = -9 + 45. Let r = n + z. What is the remainder when r is divided by 18?
15
Let a(d) = -15*d + 2. Let o be a(2). What is the remainder when 24 is divided by -1*(-2)/(-4)*(o - -2)?
11
Let g = -31 - -46. Let m(o) = 7*o**3 + 2*o - 1. Let h = 11 + -10. What is the remainder when g is divided by m(h)?
7
Let v(g) = 4*g + 9. Let j be v(0). What is the remainder when 6/j - 0 - (-560)/6 is divided by 12?
10
Let p(u) = -5*u - 2. Let w be p(1). Suppose 3 = -5*q + a, 1 = -2*a - 3. What is the remainder when q/w + (-720)/(-105) is divided by 5?
2
Let r(y) = y**3 - 2*y - 5. Calculate the 